391
What is the remainder when 13767155 is divided by 2701?
158
What is the remainder when 409287 is divided by 1163?
1074
What is the remainder when 19213234 is divided by 63?
61
Calculate the remainder when 123233 is divided by 652.
5
Calculate the remainder when 11750053 is divided by 1880.
53
What is the remainder when 7171166 is divided by 3276?
2
What is the remainder when 1057251 is divided by 1099?
13
What is the remainder when 43563 is divided by 1316?
135
What is the remainder when 3060190 is divided by 74?
68
Calculate the remainder when 735427 is divided by 17102.
41
What is the remainder when 43576692 is divided by 14525564?
0
Calculate the remainder when 490482 is divided by 2381.
2377
What is the remainder when 1658759 is divided by 38?
21
What is the remainder when 1000738 is divided by 166789?
4
Calculate the remainder when 1368733 is divided by 74.
29
What is the remainder when 5132834 is divided by 180?
134
What is the remainder when 17365 is divided by 8593?
179
What is the remainder when 2451945 is divided by 490383?
30
Calculate the remainder when 290385 is divided by 32058.
1863
What is the remainder when 1662425 is divided by 158?
107
Calculate the remainder when 41492 is divided by 4706.
3844
Calculate the remainder when 38371897 is divided by 99.
91
What is the remainder when 24573870 is divided by 8830?
8810
Calculate the remainder when 5126934 is divided by 40369.
71
What is the remainder when 56890584 is divided by 435?
414
What is the remainder when 298362151 is divided by 21311581?
17
Calculate the remainder when 151212107 is divided by 25.
7
Calculate the remainder when 22441 is divided by 6858.
1867
What is the remainder when 88646 is divided by 3901?
2824
What is the remainder when 1576132 is divided by 90?
52
What is the remainder when 7807697 is divided by 101?
94
What is the remainder when 483148 is divided by 50?
48
Calculate the remainder when 1399834 is divided by 11.
7
What is the remainder when 5959884 is divided by 1435?
329
Calculate the remainder when 240426295 is divided by 74.
73
What is the remainder when 186204 is divided by 5668?
4828
What is the remainder when 8413457 is divided by 44?
41
What is the remainder when 35742471 is divided by 961?
959
Calculate the remainder when 3813534 is divided by 217.
193
Calculate the remainder when 23205767 is divided by 2020.
7
What is the remainder when 643617 is divided by 125?
117
Calculate the remainder when 722021 is divided by 676.
53
What is the remainder when 14872 is divided by 1335?
187
What is the remainder when 109990073 is divided by 4039?
25
Calculate the remainder when 7388 is divided by 1609.
952
Calculate the remainder when 1046053 is divided by 8302.
1
What is the remainder when 194547 is divided by 905?
877
What is the remainder when 165239 is divided by 165225?
14
Calculate the remainder when 45035 is divided by 8990.
85
Calculate the remainder when 28441560 is divided by 28441534.
26
What is the remainder when 45393 is divided by 5334?
2721
Calculate the remainder when 742985 is divided by 9.
8
What is the remainder when 12824078 is divided by 120?
38
Calculate the remainder when 3246980 is divided by 389.
386
Calculate the remainder when 8031641 is divided by 5774.
7
Calculate the remainder when 2107 is divided by 1049.
9
Calculate the remainder when 45055 is divided by 14129.
2668
What is the remainder when 156355 is divided by 5554?
843
What is the remainder when 2480132 is divided by 620032?
4
Calculate the remainder when 81638437 is divided by 344.
13
What is the remainder when 131168 is divided by 131024?
144
Calculate the remainder when 12868887 is divided by 12868887.
0
What is the remainder when 2627634 is divided by 244?
242
Calculate the remainder when 3026354 is divided by 1513094.
166
What is the remainder when 229927 is divided by 1933?
1833
Calculate the remainder when 4586242 is divided by 509545.
337
What is the remainder when 335554 is divided by 1381?
1352
Calculate the remainder when 683863 is divided by 341914.
35
What is the remainder when 1418727 is divided by 709339?
49
What is the remainder when 1229029 is divided by 28?
25
Calculate the remainder when 29702649 is divided by 123.
117
Calculate the remainder when 116610 is divided by 78.
0
What is the remainder when 16226676 is divided by 159085?
6
Calculate the remainder when 39774 is divided by 9479.
1858
Calculate the remainder when 76852 is divided by 2130.
172
What is the remainder when 1528108 is divided by 3020?
3008
What is the remainder when 8224 is divided by 61?
50
Calculate the remainder when 1822476 is divided by 1821732.
744
What is the remainder when 29837 is divided by 12700?
4437
What is the remainder when 28720 is divided by 14265?
190
Calculate the remainder when 62816 is divided by 6236.
456
What is the remainder when 13698676 is divided by 3424665?
16
Calculate the remainder when 1960009 is divided by 2435.
2269
What is the remainder when 274412 is divided by 90875?
1787
Calculate the remainder when 2806675 is divided by 1908.
7
What is the remainder when 274916 is divided by 273468?
1448
Calculate the remainder when 84622 is divided by 3843.
76
Calculate the remainder when 42600 is divided by 2365.
30
Calculate the remainder when 42065 is divided by 1399.
95
Calculate the remainder when 48320 is divided by 628.
592
What is the remainder when 141338 is divided by 140417?
921
Calculate the remainder when 362387 is divided by 13421.
20
What is the remainder when 331442 is divided by 4539?
95
Calculate the remainder when 22418 is divided by 80.
18
Calculate the remainder when 317643 is divided by 7052.
303
What is the remainder when 5188571 is divided by 82?
21
Calculate the remainder when 64715 is divided by 4781.
2562
Calculate the remainder when 4234663 is divided by 1003.
1000
Calculate the remainder when 8001581 is divided by 8001555.
26
What is the remainder when 554410 is divided by 67?
52
Calculate the remainder when 28237827 is divided by 9210.
9177
What is the remainder when 1316639 is divided by 146230?
569
What is the remainder when 984905 is divided by 24022?
3
What is the remainder when 13838 is divided by 5128?
3582
Calculate the remainder when 28915 is divided by 294.
103
Calculate the remainder when 269042 is divided by 89012.
2006
What is the remainder when 616249 is divided by 8559?
1
What is the remainder when 43138497 is divided by 2443?
3
What is the remainder when 1334868 is divided by 66743?
8
What is the remainder when 1980335 is divided by 698?
109
Calculate the remainder when 46679397 is divided by 180.
177
What is the remainder when 225529 is divided by 947?
143
Calculate the remainder when 859842 is divided by 907.
6
Calculate the remainder when 18988 is divided by 2707.
39
What is the remainder when 556625 is divided by 4249?
6
What is the remainder when 555862 is divided by 480?
22
What is the remainder when 2467697 is divided by 66694?
19
What is the remainder when 199500 is divided by 18088?
532
What is the remainder when 10367952 is divided by 10367944?
8
What is the remainder when 445828 is divided by 228?
88
Calculate the remainder when 84073615 is divided by 912.
895
What is the remainder when 1370453 is divided by 7064?
37
What is the remainder when 160215575 is divided by 1780173?
5
Calculate the remainder when 15781 is divided by 9164.
6617
What is the remainder when 20400925 is divided by 569?
568
What is the remainder when 12636271 is divided by 73042?
5
What is the remainder when 93082 is divided by 4624?
602
What is the remainder when 67980 is divided by 2832?
12
What is the remainder when 1107325 is divided by 369084?
73
What is the remainder when 359335 is divided by 328?
175
What is the remainder when 6057656 is divided by 550692?
44
What is the remainder when 3296085 is divided by 4840?
45
What is the remainder when 1599027 is divided by 4345?
67
Calculate the remainder when 5552567 is divided by 42712.
7
Calculate the remainder when 295863 is divided by 21101.
449
What is the remainder when 16454934 is divided by 8?
6
What is the remainder when 7555286 is divided by 1821?
1778
What is the remainder when 7889962 is divided by 165?
157
What is the remainder when 34295 is divided by 17147?
1
Cal